{"id":54,"date":"2021-06-08T07:48:11","date_gmt":"2021-06-08T04:48:11","guid":{"rendered":"https:\/\/shtheme.org\/demosd\/carly\/?page_id=54"},"modified":"2026-04-21T21:26:55","modified_gmt":"2026-04-21T18:26:55","slug":"anasayfa","status":"publish","type":"page","link":"https:\/\/www.scfotomotiv.com\/","title":{"rendered":"Anasayfa"},"content":{"rendered":"\t\t<div data-elementor-type=\"wp-page\" data-elementor-id=\"54\" class=\"elementor elementor-54\">\n\t\t\t\t\t\t<section class=\"elementor-section elementor-top-section elementor-element elementor-element-76fa4b2 elementor-section-full_width elementor-section-height-default elementor-section-height-default\" data-id=\"76fa4b2\" data-element_type=\"section\">\n\t\t\t\t\t\t<div class=\"elementor-container elementor-column-gap-no\">\n\t\t\t\t\t<div class=\"elementor-column elementor-col-100 elementor-top-column elementor-element elementor-element-3f99587\" data-id=\"3f99587\" data-element_type=\"column\">\n\t\t\t<div class=\"elementor-widget-wrap elementor-element-populated\">\n\t\t\t\t\t\t<div class=\"elementor-element elementor-element-5ae9cc2 elementor-align-left elementor-widget elementor-widget-bdevs-slider-01\" data-id=\"5ae9cc2\" data-element_type=\"widget\" data-widget_type=\"bdevs-slider-01.default\">\n\t\t\t\t<div class=\"elementor-widget-container\">\n\t\t\t\t\t<section class=\"hero-area\">\r\n            <div class=\"hero-slider\">\r\n                <div class=\"slider-active\">\r\n                \t \r\n                    <div class=\"single-slider slider-height d-flex align-items-center\"\r\n                        data-background=\"http:\/\/www.scfotomotiv.com\/wp-content\/uploads\/2023\/07\/interior-large-logistics-warehouse-ai-generative-scaled.jpg\">\r\n                        <div class=\"container\">\r\n                            <div class=\"row\">\r\n                                <div class=\"col-xl-7 col-lg-8\">\r\n                                    <div class=\"hero-text hero-info\">\r\n                                        <div class=\"hero-slider-caption \">\r\n                                        \t                                            <h5 data-animation=\"fadeInUp\" data-delay=\".2s\">D\u0131\u015f Ticaret ve Lojistik  <span><\/span> <\/h5>\r\n                                                                                                                                    <h2 data-animation=\"fadeInUp\" data-delay=\".4s\">Hizmetlerimizle\nYan\u0131n\u0131zday\u0131z<\/h2>\r\n                                                                                    <\/div>\r\n                                        <div class=\"hero-slider-btn\">\r\n                                        \t                                            <a data-animation=\"fadeInLeft\" data-delay=\".6s\" href=\"https:\/\/www.scfotomotiv.com\/?page_id=96\"\r\n                                                class=\"c-btn\">Hizmetlerimiz <i class=\"far fa-long-arrow-right\"><\/i><\/a>\r\n                                                                                                                                    <a data-animation=\"fadeInRight\" data-delay=\"1.0s\"\r\n                                                href=\"https:\/\/www.scfotomotiv.com\/?page_id=73\" class=\"c-btn btn-border\">Bize Ula\u015f\u0131n <i class=\"far fa-long-arrow-right\"><\/i><\/a>\r\n                                                                                    <\/div>\r\n                                    <\/div>\r\n                                <\/div>\r\n                            <\/div>\r\n                        <\/div>\r\n                    <\/div>\r\n                \t                <\/div>\r\n            <\/div>\r\n        <\/section>\r\n\t\t\t<\/div>\n\t\t\t\t<\/div>\n\t\t\t\t\t<\/div>\n\t\t<\/div>\n\t\t\t\t\t<\/div>\n\t\t<\/section>\n\t\t\t\t<section class=\"elementor-section elementor-top-section elementor-element elementor-element-774f43c elementor-section-full_width elementor-section-height-default elementor-section-height-default\" data-id=\"774f43c\" data-element_type=\"section\">\n\t\t\t\t\t\t<div class=\"elementor-container elementor-column-gap-no\">\n\t\t\t\t\t<div class=\"elementor-column elementor-col-100 elementor-top-column elementor-element elementor-element-849b4c5\" data-id=\"849b4c5\" data-element_type=\"column\">\n\t\t\t<div class=\"elementor-widget-wrap elementor-element-populated\">\n\t\t\t\t\t\t<div class=\"elementor-element elementor-element-4457576 elementor-align-left elementor-widget elementor-widget-bdevs-about\" data-id=\"4457576\" data-element_type=\"widget\" data-widget_type=\"bdevs-about.default\">\n\t\t\t\t<div class=\"elementor-widget-container\">\n\t\t\t\t\t\t\t<div class=\"about-us-area pos-rel grey-bg pb-210 pt-120\">\r\n            <div class=\"container\">\r\n                <div class=\"row\">\r\n                    <div class=\"col-xl-6 col-lg-6\">\r\n                        <div class=\"about-us-img pos-rel mb-30\">\r\n                            <div class=\"ab-image fix\">\r\n                                <img decoding=\"async\" src=\"http:\/\/www.scfotomotiv.com\/wp-content\/uploads\/2023\/07\/managers-visiting-storage-center-discussing-about-distribution-goals-year-scaled.jpg\" alt=\"\">\r\n                            <\/div>\r\n                                                        <div class=\"about-info\">\r\n                                <h2>20+<\/h2><h5>y\u0131ll\u0131k<br \/>deneyim<\/h5>                            <\/div>\r\n                        \t                        <\/div>\r\n                    <\/div>\r\n                    <div class=\"col-xl-6 col-lg-6\">\r\n                        <div class=\"about-us-wrapper mb-30\">\r\n                            <div class=\"section-title mb-45\">\r\n                            \t                                <h5><span><\/span> B\u0130Z K\u0130M\u0130Z<\/h5>\r\n                                                                                                <h2>Profesyonel Hizmete Ho\u015fgeldiniz<\/h2>\r\n                                                            <\/div>\r\n                            <p>SCF Otomotiv olarak 20 y\u0131l\u0131 a\u015fk\u0131n d\u0131\u015f ticaret tecr\u00fcbemizle, uluslararas\u0131 ticaret alan\u0131nda olu\u015fturmu\u015f oldu\u011fumuz g\u00fc\u00e7l\u00fc alt yap\u0131 ile farkl\u0131 ihtiya\u00e7 ve gereksinimlere en \u00fcst d\u00fczeyde cevap vermekteyiz.<\/p>                            <div class=\"about-button d-md-flex\">\r\n                            \t                                <a class=\"c-btn\" href=\"https:\/\/www.scfotomotiv.com\/?page_id=67\">Daha Fazlas\u0131 <i class=\"far fa-long-arrow-right\"><\/i><\/a>\r\n                                                                                                <div class=\"about-cta\">\r\n                                                                    <\/div>\r\n                                                            <\/div>\r\n                            \r\n                        <\/div>\r\n                    <\/div>\r\n                <\/div>\r\n            <\/div>\r\n        <\/div>\r\n        \t\t\t<\/div>\n\t\t\t\t<\/div>\n\t\t\t\t\t<\/div>\n\t\t<\/div>\n\t\t\t\t\t<\/div>\n\t\t<\/section>\n\t\t\t\t<section class=\"elementor-section elementor-top-section elementor-element elementor-element-bd3eddd elementor-section-full_width elementor-section-height-default elementor-section-height-default\" data-id=\"bd3eddd\" data-element_type=\"section\">\n\t\t\t\t\t\t<div class=\"elementor-container elementor-column-gap-no\">\n\t\t\t\t\t<div class=\"elementor-column elementor-col-100 elementor-top-column elementor-element elementor-element-6549c23\" data-id=\"6549c23\" data-element_type=\"column\">\n\t\t\t<div class=\"elementor-widget-wrap elementor-element-populated\">\n\t\t\t\t\t\t<div class=\"elementor-element elementor-element-c7a4ca1 elementor-align-left elementor-widget elementor-widget-bdevs-about\" data-id=\"c7a4ca1\" data-element_type=\"widget\" data-widget_type=\"bdevs-about.default\">\n\t\t\t\t<div class=\"elementor-widget-container\">\n\t\t\t\t\t        <div class=\"about-us-area pos-rel grey-bg pb-210 pt-120\">\r\n            <div class=\"container\">\r\n                <div class=\"row\">\r\n                    <div class=\"col-xl-6 col-lg-6\">\r\n                        <div class=\"about-us-img ab-us-02 pos-rel mb-30\">\r\n                            <div class=\"ab-image fix\">\r\n                                <img decoding=\"async\" src=\"http:\/\/www.scfotomotiv.com\/wp-content\/uploads\/2023\/07\/business-logistics-concept-container-cargo_1150-17845.jpg.webp\" alt=\"\">\r\n                            <\/div>\r\n                                                    <\/div>\r\n                    <\/div>\r\n                    <div class=\"col-xl-6 col-lg-6\">\r\n                        <div class=\"about-us-wrapper mb-30\">\r\n                            <div class=\"section-title mb-45\">\r\n                            \t                                <h5><span><\/span> G\u00dcVEN\u0130L\u0130R \u00c7\u00d6Z\u00dcM ORTA\u011eINIZ<\/h5>\r\n                                                                                                <h2><\/h2>\r\n                                                            <\/div>\r\n                            <p>G\u00fc\u00e7l\u00fc yurtd\u0131\u015f\u0131 portf\u00f6y\u00fcm\u00fcz ile \u0130thalat ve ihracat, kara, deniz ve havayolu ta\u015f\u0131mac\u0131l\u0131\u011f\u0131 vb. gibi bir \u00e7ok faaliyet alanlar\u0131nda hi\u00e7bir i\u015f orta\u011f\u0131m\u0131z\u0131 zor durumda b\u0131rakmadan, hizmet kalitemizi kontrol\u00fcm\u00fcz\u00fc ve denetimlerimizi kaybetmeden faaliyetlerimizi s\u00fcrd\u00fcrmeye her ge\u00e7en g\u00fcn daha da b\u00fcy\u00fcyerek devam etmekteyiz.<\/p>                            <div class=\"about-button d-md-flex\">\r\n                            \t                                <a class=\"c-btn\" href=\"https:\/\/www.scfotomotiv.com\/?page_id=96\">Hizmetlerimiz <i class=\"far fa-long-arrow-right\"><\/i><\/a>\r\n                                                                                                <div class=\"about-cta\">\r\n                                                                    <\/div>\r\n                                                            <\/div>\r\n                            \r\n                        <\/div>\r\n                    <\/div>\r\n                <\/div>\r\n            <\/div>\r\n        <\/div>\r\n        \t\t\t<\/div>\n\t\t\t\t<\/div>\n\t\t\t\t\t<\/div>\n\t\t<\/div>\n\t\t\t\t\t<\/div>\n\t\t<\/section>\n\t\t\t\t<section class=\"elementor-section elementor-top-section elementor-element elementor-element-ac56e5b elementor-section-full_width elementor-section-height-default elementor-section-height-default\" data-id=\"ac56e5b\" data-element_type=\"section\">\n\t\t\t\t\t\t<div class=\"elementor-container elementor-column-gap-no\">\n\t\t\t\t\t<div class=\"elementor-column elementor-col-100 elementor-top-column elementor-element elementor-element-93beefc\" data-id=\"93beefc\" data-element_type=\"column\" data-settings=\"{&quot;background_background&quot;:&quot;classic&quot;}\">\n\t\t\t<div class=\"elementor-widget-wrap elementor-element-populated\">\n\t\t\t\t\t<div class=\"elementor-background-overlay\"><\/div>\n\t\t\t\t\t\t<div class=\"elementor-element elementor-element-c9feb94 elementor-align-left elementor-widget elementor-widget-bdevs-services-01\" data-id=\"c9feb94\" data-element_type=\"widget\" data-widget_type=\"bdevs-services-01.default\">\n\t\t\t\t<div class=\"elementor-widget-container\">\n\t\t\t\t\t<div class=\"service-area ser-pt pb-90\" style=\"background-image: url(https:\/\/shtheme.org\/demosd\/carly\/wp-content\/uploads\/2021\/06\/sbg.jpg);\">\r\n            <div class=\"container\">\r\n                <div class=\"row\">\r\n                    <div class=\"col-xl-6 col-lg-6 offset-lg-3 offset-xl-3\">\r\n                        <div class=\"section-title white-title text-center mb-90\">\r\n                                                        <h5><span><\/span> Neler Yap\u0131yoruz<\/h5>\r\n                        \t                                                        <h2>Kalite Odakl\u0131 Hizmet<\/h2>\r\n                                                    <\/div>\r\n                    <\/div>\r\n                <\/div>\r\n                <div class=\"row\">\r\n                \t \r\n\t\t\t\t\t                    <div class=\"col-xl-3 col-lg-3 col-md-6\">\r\n                    \t\r\n                        <div class=\"service-box mb-30 text-center\">\r\n                        \t<a href=\"https:\/\/www.scfotomotiv.com\/?service=ithalat-ihracat\">\r\n\t                            <div class=\"services-icon\">\r\n\t                                <i class=\"flaticon-026-growth\"><\/i>\r\n\t                            <\/div>\r\n\t                            <div class=\"services-text\">\r\n\t                                <h4>\u0130thalat \/ \u0130hracat<\/h4>\r\n\t                                <p> <\/p>\r\n\t                            <\/div>\r\n                        \t<\/a>\r\n                        <\/div>\r\n                       \r\n                    <\/div>\r\n                    \t            \t \r\n\t\t\t\t\t                    <div class=\"col-xl-3 col-lg-3 col-md-6\">\r\n                    \t\r\n                        <div class=\"service-box active mb-30 text-center\">\r\n                        \t<a href=\"https:\/\/www.scfotomotiv.com\/?service=antrepo\">\r\n\t                            <div class=\"services-icon\">\r\n\t                                <i class=\"flaticon-031-increase\"><\/i>\r\n\t                            <\/div>\r\n\t                            <div class=\"services-text\">\r\n\t                                <h4>Antrepo Hizmetleri<\/h4>\r\n\t                                <p> <\/p>\r\n\t                            <\/div>\r\n\t                        <\/a>\r\n                        <\/div>\r\n                        \r\n                    <\/div>\r\n                \t\t            \t \r\n\t\t\t\t\t                    <div class=\"col-xl-3 col-lg-3 col-md-6\">\r\n                    \t\r\n                        <div class=\"service-box mb-30 text-center\">\r\n                        \t<a href=\"https:\/\/www.scfotomotiv.com\/?service=gumruk-depolama\">\r\n\t                            <div class=\"services-icon\">\r\n\t                                <i class=\"flaticon-030-target-1\"><\/i>\r\n\t                            <\/div>\r\n\t                            <div class=\"services-text\">\r\n\t                                <h4>G\u00fcmr\u00fck ve Depolama Hizmetleri<\/h4>\r\n\t                                <p> <\/p>\r\n\t                            <\/div>\r\n                        \t<\/a>\r\n                        <\/div>\r\n                       \r\n                    <\/div>\r\n                    \t            \t \r\n\t\t\t\t\t                    <div class=\"col-xl-3 col-lg-3 col-md-6\">\r\n                    \t\r\n                        <div class=\"service-box mb-30 text-center\">\r\n                        \t<a href=\"https:\/\/www.scfotomotiv.com\/?service=lojistik-dagitim\">\r\n\t                            <div class=\"services-icon\">\r\n\t                                <i class=\"flaticon-031-increase\"><\/i>\r\n\t                            <\/div>\r\n\t                            <div class=\"services-text\">\r\n\t                                <h4>Yurtd\u0131\u015f\u0131 Lojistik ve Da\u011f\u0131t\u0131m Hizmetleri<\/h4>\r\n\t                                <p> <\/p>\r\n\t                            <\/div>\r\n                        \t<\/a>\r\n                        <\/div>\r\n                       \r\n                    <\/div>\r\n                    \t            \t \r\n\t\t\t\t\t                    <div class=\"col-xl-3 col-lg-3 col-md-6\">\r\n                    \t\r\n                        <div class=\"service-box mb-30 text-center\">\r\n                        \t<a href=\"https:\/\/www.scfotomotiv.com\/?page_id=508\">\r\n\t                            <div class=\"services-icon\">\r\n\t                                <i class=\"flaticon-030-target-1\"><\/i>\r\n\t                            <\/div>\r\n\t                            <div class=\"services-text\">\r\n\t                                <h4>Oto Par\u00e7alar\u0131 \/ Ya\u011flar\u0131 ve Kimyasallar<\/h4>\r\n\t                                <p> <\/p>\r\n\t                            <\/div>\r\n                        \t<\/a>\r\n                        <\/div>\r\n                       \r\n                    <\/div>\r\n                    \t            \t \r\n\t\t\t\t\t                    <div class=\"col-xl-3 col-lg-3 col-md-6\">\r\n                    \t\r\n                        <div class=\"service-box mb-30 text-center\">\r\n                        \t<a href=\"https:\/\/www.scfotomotiv.com\/?service=makina-tedarik\">\r\n\t                            <div class=\"services-icon\">\r\n\t                                <i class=\"flaticon-030-target-1\"><\/i>\r\n\t                            <\/div>\r\n\t                            <div class=\"services-text\">\r\n\t                                <h4>Sanayi Makinalar\u0131 Tedarik Hizmetleri<\/h4>\r\n\t                                <p> <\/p>\r\n\t                            <\/div>\r\n                        \t<\/a>\r\n                        <\/div>\r\n                       \r\n                    <\/div>\r\n                    \t            \t \r\n\t\t\t\t\t                    <div class=\"col-xl-3 col-lg-3 col-md-6\">\r\n                    \t\r\n                        <div class=\"service-box mb-30 text-center\">\r\n                        \t<a href=\"https:\/\/www.scfotomotiv.com\/?service=arac-alim-satim\">\r\n\t                            <div class=\"services-icon\">\r\n\t                                <i class=\"flaticon-030-target-1\"><\/i>\r\n\t                            <\/div>\r\n\t                            <div class=\"services-text\">\r\n\t                                <h4>Yurtd\u0131\u015f\u0131 Ara\u00e7 Al\u0131m - Sat\u0131m<\/h4>\r\n\t                                <p> <\/p>\r\n\t                            <\/div>\r\n                        \t<\/a>\r\n                        <\/div>\r\n                       \r\n                    <\/div>\r\n                    \t            \t                <\/div>\r\n            <\/div>\r\n        <\/div>\r\n\t\t\t<\/div>\n\t\t\t\t<\/div>\n\t\t\t\t\t<\/div>\n\t\t<\/div>\n\t\t\t\t\t<\/div>\n\t\t<\/section>\n\t\t\t\t<section class=\"elementor-section elementor-top-section elementor-element elementor-element-56d9a94 elementor-section-full_width elementor-section-height-default elementor-section-height-default\" data-id=\"56d9a94\" data-element_type=\"section\">\n\t\t\t\t\t\t<div class=\"elementor-container elementor-column-gap-no\">\n\t\t\t\t\t<div class=\"elementor-column elementor-col-100 elementor-top-column elementor-element elementor-element-570269c\" data-id=\"570269c\" data-element_type=\"column\">\n\t\t\t<div class=\"elementor-widget-wrap elementor-element-populated\">\n\t\t\t\t\t\t<div class=\"elementor-element elementor-element-997726d elementor-align-left elementor-widget elementor-widget-bdevs-cta\" data-id=\"997726d\" data-element_type=\"widget\" data-widget_type=\"bdevs-cta.default\">\n\t\t\t\t<div class=\"elementor-widget-container\">\n\t\t\t\t\t<div class=\"footer-cta-area\">\r\n            <div class=\"container\">\r\n                <div class=\"row\">\r\n                \t \r\n                    <div class=\"col-xl-6 col-lg-6 mb-30\">\r\n                        <div class=\"footer-cta-wrapper pos-rel\">\r\n                            <img decoding=\"async\" src=\"https:\/\/shtheme.org\/demosd\/carly\/wp-content\/uploads\/2021\/06\/01.png\" alt=\"\">\r\n                            <div class=\"footer-cta-icon f-left\">\r\n                                <i class=\"fal fa-phone-volume\"><\/i>\r\n                            <\/div>\r\n                            <div class=\"footer-cta-text\">\r\n                                <span>Bilgi Almak \u0130\u00e7in<\/span>\r\n                                <h3>+90 538 812 85 27<\/h3>\r\n                            <\/div>\r\n                        <\/div>\r\n                    <\/div>\r\n                     \r\n                    <div class=\"col-xl-6 col-lg-6 mb-30\">\r\n                        <div class=\"footer-cta-wrapper pos-rel\">\r\n                            <img decoding=\"async\" src=\"http:\/\/www.scfotomotiv.com\/wp-content\/uploads\/2021\/06\/01.png\" alt=\"\">\r\n                            <div class=\"footer-cta-icon f-left\">\r\n                                <i class=\"fal fa-phone-volume\"><\/i>\r\n                            <\/div>\r\n                            <div class=\"footer-cta-text\">\r\n                                <span>\u0130leti\u015fime Ge\u00e7in<\/span>\r\n                                <h3>+90 532 796 76 71<\/h3>\r\n                            <\/div>\r\n                        <\/div>\r\n                    <\/div>\r\n                                    <\/div>\r\n            <\/div>\r\n        <\/div>\r\n\t\t\t<\/div>\n\t\t\t\t<\/div>\n\t\t\t\t\t<\/div>\n\t\t<\/div>\n\t\t\t\t\t<\/div>\n\t\t<\/section>\n\t\t\t\t<\/div>\n\t\t","protected":false},"excerpt":{"rendered":"<p>D\u0131\u015f Ticaret ve Lojistik Hizmetlerimizle Yan\u0131n\u0131zday\u0131z Hizmetlerimiz Bize Ula\u015f\u0131n 20+y\u0131ll\u0131kdeneyim B\u0130Z K\u0130M\u0130Z Profesyonel Hizmete Ho\u015fgeldiniz SCF Otomotiv olarak 20 y\u0131l\u0131 a\u015fk\u0131n d\u0131\u015f ticaret tecr\u00fcbemizle, uluslararas\u0131 ticaret alan\u0131nda olu\u015fturmu\u015f oldu\u011fumuz g\u00fc\u00e7l\u00fc alt yap\u0131 ile farkl\u0131 ihtiya\u00e7 ve gereksinimlere en \u00fcst d\u00fczeyde cevap vermekteyiz. Daha Fazlas\u0131 G\u00dcVEN\u0130L\u0130R \u00c7\u00d6Z\u00dcM ORTA\u011eINIZ G\u00fc\u00e7l\u00fc yurtd\u0131\u015f\u0131 portf\u00f6y\u00fcm\u00fcz ile \u0130thalat ve ihracat, kara, [&hellip;]<\/p>\n","protected":false},"author":1,"featured_media":0,"parent":0,"menu_order":0,"comment_status":"closed","ping_status":"closed","template":"page-templates\/home-2.php","meta":{"_monsterinsights_skip_tracking":false,"_monsterinsights_sitenote_active":false,"_monsterinsights_sitenote_note":"","_monsterinsights_sitenote_category":0,"footnotes":""},"class_list":["post-54","page","type-page","status-publish","hentry"],"aioseo_notices":[],"_links":{"self":[{"href":"https:\/\/www.scfotomotiv.com\/index.php?rest_route=\/wp\/v2\/pages\/54","targetHints":{"allow":["GET"]}}],"collection":[{"href":"https:\/\/www.scfotomotiv.com\/index.php?rest_route=\/wp\/v2\/pages"}],"about":[{"href":"https:\/\/www.scfotomotiv.com\/index.php?rest_route=\/wp\/v2\/types\/page"}],"author":[{"embeddable":true,"href":"https:\/\/www.scfotomotiv.com\/index.php?rest_route=\/wp\/v2\/users\/1"}],"replies":[{"embeddable":true,"href":"https:\/\/www.scfotomotiv.com\/index.php?rest_route=%2Fwp%2Fv2%2Fcomments&post=54"}],"version-history":[{"count":75,"href":"https:\/\/www.scfotomotiv.com\/index.php?rest_route=\/wp\/v2\/pages\/54\/revisions"}],"predecessor-version":[{"id":1434,"href":"https:\/\/www.scfotomotiv.com\/index.php?rest_route=\/wp\/v2\/pages\/54\/revisions\/1434"}],"wp:attachment":[{"href":"https:\/\/www.scfotomotiv.com\/index.php?rest_route=%2Fwp%2Fv2%2Fmedia&parent=54"}],"curies":[{"name":"wp","href":"https:\/\/api.w.org\/{rel}","templated":true}]}}